{"id":61,"date":"2018-01-29T10:54:16","date_gmt":"2018-01-29T09:54:16","guid":{"rendered":"https:\/\/diezweihofemer.de\/?page_id=61"},"modified":"2023-12-12T14:49:44","modified_gmt":"2023-12-12T13:49:44","slug":"tontraeger-2","status":"publish","type":"page","link":"https:\/\/diehofemer.de\/?page_id=61","title":{"rendered":"Tontr\u00e4ger"},"content":{"rendered":"\t\t<div data-elementor-type=\"wp-post\" data-elementor-id=\"61\" class=\"elementor elementor-61\">\n\t\t\t\t\t\t\t\t\t<section class=\"elementor-section elementor-top-section elementor-element elementor-element-30d7096 elementor-section-boxed elementor-section-height-default elementor-section-height-default\" data-id=\"30d7096\" data-element_type=\"section\">\n\t\t\t\t\t\t<div class=\"elementor-container elementor-column-gap-default\">\n\t\t\t\t\t<div class=\"elementor-column elementor-col-100 elementor-top-column elementor-element elementor-element-b1c8d3d\" data-id=\"b1c8d3d\" data-element_type=\"column\">\n\t\t\t<div class=\"elementor-widget-wrap elementor-element-populated\">\n\t\t\t\t\t\t\t\t<div class=\"elementor-element elementor-element-ff10650 elementor-widget elementor-widget-heading\" data-id=\"ff10650\" data-element_type=\"widget\" data-widget_type=\"heading.default\">\n\t\t\t\t<div class=\"elementor-widget-container\">\n\t\t\t<h1 class=\"elementor-heading-title elementor-size-default\">Unsere Hofemerwelt<\/h1>\t\t<\/div>\n\t\t\t\t<\/div>\n\t\t\t\t<div class=\"elementor-element elementor-element-2f357f5 elementor-invisible elementor-widget elementor-widget-image\" data-id=\"2f357f5\" data-element_type=\"widget\" data-settings=\"{&quot;_animation&quot;:&quot;fadeInUp&quot;}\" data-widget_type=\"image.default\">\n\t\t\t\t<div class=\"elementor-widget-container\">\n\t\t\t\t\t\t\t\t\t\t\t\t\t\t\t<img loading=\"lazy\" decoding=\"async\" width=\"840\" height=\"842\" src=\"https:\/\/diehofemer.de\/wp-content\/uploads\/2023\/12\/neues-Bild-1-1021x1024.png\" class=\"elementor-animation-grow attachment-large size-large wp-image-489\" alt=\"\" srcset=\"https:\/\/diehofemer.de\/wp-content\/uploads\/2023\/12\/neues-Bild-1-1021x1024.png 1021w, https:\/\/diehofemer.de\/wp-content\/uploads\/2023\/12\/neues-Bild-1-300x300.png 300w, https:\/\/diehofemer.de\/wp-content\/uploads\/2023\/12\/neues-Bild-1-150x150.png 150w, https:\/\/diehofemer.de\/wp-content\/uploads\/2023\/12\/neues-Bild-1-768x770.png 768w, https:\/\/diehofemer.de\/wp-content\/uploads\/2023\/12\/neues-Bild-1-1200x1204.png 1200w, https:\/\/diehofemer.de\/wp-content\/uploads\/2023\/12\/neues-Bild-1.png 1348w\" sizes=\"auto, (max-width: 709px) 85vw, (max-width: 909px) 67vw, (max-width: 1362px) 62vw, 840px\" \/>\t\t\t\t\t\t\t\t\t\t\t\t\t\t\t<\/div>\n\t\t\t\t<\/div>\n\t\t\t\t<div class=\"elementor-element elementor-element-edc35c8 elementor-widget elementor-widget-text-editor\" data-id=\"edc35c8\" data-element_type=\"widget\" data-widget_type=\"text-editor.default\">\n\t\t\t\t<div class=\"elementor-widget-container\">\n\t\t\t\t\t\t\t<p style=\"text-align: center;\"><strong>Tracklist:<\/strong><\/p>\n<p style=\"text-align: center;\"><span style=\"top: -12.67px;\">1. Angela<\/span><span style=\"top: 2.97px;\"><br>2. Blaue Augen<br><\/span><span style=\"top: 18.6px;\">3. Ein M\u00e4dchen wie Du<\/span><br><span style=\"top: 34.24px;\">4. Es war doch mal Liebe<br><\/span><span style=\"top: 49.88px;\">5. Es war ne super Zeit mit Dir<br><\/span><span style=\"top: 65.52px;\">6. F\u00fchrerschein zum Gl\u00fcck<br><\/span><span style=\"top: 81.16px;\">7.In einem Meer voll Z\u00e4rtlichkeit<br><\/span><span style=\"top: 96.8px;\">8. M\u00e4rchenland<br><\/span><span style=\"top: 112.44px;\">9. Nur der Mond schaut zu<br><\/span><span style=\"top: 128.07px;\">10. Sachen Fridolin<br><\/span><span style=\"top: 143.71px;\">11. Das Abenteuer einer Sommernacht<br><\/span><span style=\"top: 159.35px;\">12. Wenn ein Herz die Sehnsucht sp\u00fcrt&nbsp; &nbsp;<br><\/span><\/p>\t\t\t\t\t\t<\/div>\n\t\t\t\t<\/div>\n\t\t\t\t\t<\/div>\n\t\t<\/div>\n\t\t\t\t\t\t\t<\/div>\n\t\t<\/section>\n\t\t\t\t<section class=\"elementor-section elementor-top-section elementor-element elementor-element-6db91bc elementor-section-boxed elementor-section-height-default elementor-section-height-default\" data-id=\"6db91bc\" data-element_type=\"section\">\n\t\t\t\t\t\t<div class=\"elementor-container elementor-column-gap-default\">\n\t\t\t\t\t<div class=\"elementor-column elementor-col-100 elementor-top-column elementor-element elementor-element-412094e\" data-id=\"412094e\" data-element_type=\"column\">\n\t\t\t<div class=\"elementor-widget-wrap elementor-element-populated\">\n\t\t\t\t\t\t\t\t<div class=\"elementor-element elementor-element-69f5c05 elementor-widget elementor-widget-text-editor\" data-id=\"69f5c05\" data-element_type=\"widget\" data-widget_type=\"text-editor.default\">\n\t\t\t\t<div class=\"elementor-widget-container\">\n\t\t\t\t\t\t\t<p style=\"text-align: center;\">Bestellungen an tobias@diehofemer.de oder telefonisch unter 07424\/6136<\/p>\t\t\t\t\t\t<\/div>\n\t\t\t\t<\/div>\n\t\t\t\t\t<\/div>\n\t\t<\/div>\n\t\t\t\t\t\t\t<\/div>\n\t\t<\/section>\n\t\t\t\t\t\t\t<\/div>\n\t\t","protected":false},"excerpt":{"rendered":"<p>Unsere Hofemerwelt Tracklist: 1. Angela2. Blaue Augen3. Ein M\u00e4dchen wie Du4. Es war doch mal Liebe5. Es war ne super Zeit mit Dir6. F\u00fchrerschein zum Gl\u00fcck7.In einem Meer voll Z\u00e4rtlichkeit8. &hellip; <a href=\"https:\/\/diehofemer.de\/?page_id=61\" class=\"more-link\"><span class=\"screen-reader-text\">\u201eTontr\u00e4ger\u201c<\/span> weiterlesen<\/a><\/p>\n","protected":false},"author":1,"featured_media":0,"parent":0,"menu_order":0,"comment_status":"closed","ping_status":"closed","template":"","meta":{"footnotes":""},"class_list":["post-61","page","type-page","status-publish","hentry"],"_links":{"self":[{"href":"https:\/\/diehofemer.de\/index.php?rest_route=\/wp\/v2\/pages\/61","targetHints":{"allow":["GET"]}}],"collection":[{"href":"https:\/\/diehofemer.de\/index.php?rest_route=\/wp\/v2\/pages"}],"about":[{"href":"https:\/\/diehofemer.de\/index.php?rest_route=\/wp\/v2\/types\/page"}],"author":[{"embeddable":true,"href":"https:\/\/diehofemer.de\/index.php?rest_route=\/wp\/v2\/users\/1"}],"replies":[{"embeddable":true,"href":"https:\/\/diehofemer.de\/index.php?rest_route=%2Fwp%2Fv2%2Fcomments&post=61"}],"version-history":[{"count":6,"href":"https:\/\/diehofemer.de\/index.php?rest_route=\/wp\/v2\/pages\/61\/revisions"}],"predecessor-version":[{"id":500,"href":"https:\/\/diehofemer.de\/index.php?rest_route=\/wp\/v2\/pages\/61\/revisions\/500"}],"wp:attachment":[{"href":"https:\/\/diehofemer.de\/index.php?rest_route=%2Fwp%2Fv2%2Fmedia&parent=61"}],"curies":[{"name":"wp","href":"https:\/\/api.w.org\/{rel}","templated":true}]}}