{"id":56,"date":"2018-01-29T10:53:22","date_gmt":"2018-01-29T09:53:22","guid":{"rendered":"https:\/\/diezweihofemer.de\/?page_id=56"},"modified":"2018-02-14T22:13:12","modified_gmt":"2018-02-14T21:13:12","slug":"impressum","status":"publish","type":"page","link":"https:\/\/diehofemer.de\/?page_id=56","title":{"rendered":"Impressum"},"content":{"rendered":"<h4 class=\"xr_s0\"><strong><span class=\"xr_tl xr_s0\">Impressum:<\/span><\/strong><\/h4>\n<div class=\"xr_s0\"><strong> <span class=\"xr_tl xr_s2\">Die Zwei Hofemer GbR<\/span> <\/strong><\/div>\n<div class=\"xr_s0\"><span class=\"xr_tl xr_s2\">Bismarckstr. 132<\/span><\/div>\n<div class=\"xr_s0\"><span class=\"xr_tl xr_s2\">D-78549 Spaichingen<\/span><\/div>\n<div><\/div>\n<h5 class=\"xr_s1\"><span class=\"xr_tl xr_s9\">Haftung f\u00fcr Inhalte<\/span>:<\/h5>\n<div class=\"xr_s1\"><span class=\"xr_tl xr_s1\">Die Inhalte dieser Website werden mit gr\u00f6\u00dftm\u00f6glicher Sorgfalt erstellt. Der Anbieter \u00fcbernimmt jedoch keine Gew\u00e4hr f\u00fcr die Richtigkeit, Vollst\u00e4ndigkeit <\/span> <span class=\"xr_tl xr_s1\">und Aktualit\u00e4t der bereitgestellten Inhalte. Die Nutzung der Inhalte der Website erfolgt auf eigene\u00a0\u00a0\u00a0 Gefahr des Nutzers. Namentlich gekennzeichnete <\/span> <span class=\"xr_tl xr_s1\">Beitr\u00e4ge geben die Meinung des jeweiligen Autors und nicht immer die Meinung des Anbieters wieder. Verf\u00fcgbarkeit der Website Der Anbieter wird sich <\/span> <span class=\"xr_tl xr_s1\">bem\u00fchen, den Dienst m\u00f6glichst unterbrechungsfrei zum Abruf anzubieten. Auch bei aller Sorgfalt k\u00f6nnen aber Ausfallzeiten nicht ausgeschlossen <\/span> <span class=\"xr_tl xr_s1\">werden. Der Anbieter beh\u00e4lt sich das Recht vor, sein Angebot jederzeit zu \u00e4ndern oder einzustellen. Externe Links Diese Website enth\u00e4lt <\/span> <span class=\"xr_tl xr_s1\">Verkn\u00fcpfungen zu Websites Dritter (&#8222;externe Links&#8220;). Diese Websites unterliegen der Haftung der jeweiligen Betreiber. Der Anbieter hat bei der <\/span> <span class=\"xr_tl xr_s1\">erstmaligen Verkn\u00fcpfung der externen Links die fremden Inhalte daraufhin \u00fcberpr\u00fcft, ob etwaige Rechtsverst\u00f6\u00dfe bestehen. Zu dem Zeitpunkt waren <\/span> <span class=\"xr_tl xr_s1\">keine Rechtsverst\u00f6\u00dfe ersichtlich. Der Anbieter hat keinerlei Einfluss auf die aktuelle und zuk\u00fcnftige Gestaltung und auf die Inhalte der verkn\u00fcpften <\/span> <span class=\"xr_tl xr_s1\">Seiten. Das Setzen von externen Links bedeutet nicht, dass sich der Anbieter die hinter dem Verweis oder Link liegenden Inhalte zu Eigen macht. Eine <\/span> <span class=\"xr_tl xr_s1\">st\u00e4ndige Kontrolle dieser externen Links ist f\u00fcr den Anbieter ohne konkrete Hinweise auf Rechtsverst\u00f6\u00dfe nicht zumutbar. Bei Kenntnis von <\/span> <span class=\"xr_tl xr_s1\">Rechtsverst\u00f6\u00dfen werden jedoch derartige externe Links unverz\u00fcglich gel\u00f6scht. Werbeanzeigen F\u00fcr den Inhalt der Werbeanzeigen ist der jeweilige <\/span> <span class=\"xr_tl xr_s1\">Autor verantwortlich, ebenso wie f\u00fcr den Inhalt der beworbenen Website. Die Darstellung der Werbeanzeige stellt keine Akzeptanz durch den Anbieter <\/span> <span class=\"xr_tl xr_s1\">dar. Kein Vertragsverh\u00e4ltnis Mit der Nutzung der Website des Anbieters kommt keinerlei Vertragsverh\u00e4ltnis zwischen dem Nutzer und dem Anbieter <\/span> <span class=\"xr_tl xr_s1\">zustande. Insofern ergeben sich auch keinerlei vertragliche oder quasivertragliche Anspr\u00fcche gegen den Anbieter. <\/span><\/div>\n<div><\/div>\n<h5 class=\"xr_s1\"><span class=\"xr_tl xr_s1\"><span class=\"xr_s9\">Urheberrecht:<\/span><\/span><\/h5>\n<div class=\"xr_s1\"><span class=\"xr_tl xr_s1\"> Die auf dieser Website ver\u00f6ffentlichten Inhalte unterliegen dem deutschen Urheberrecht. Jede vom deutschen Urheberrecht nicht <\/span> <span class=\"xr_tl xr_s1\">zugelassene Verwertung bedarf der vorherigen schriftlichen Zustimmung des Anbieters oder jeweiligen Rechteinhabers. Dies gilt insbesondere f\u00fcr <\/span> <span class=\"xr_tl xr_s1\">Vervielf\u00e4ltigung, Bearbeitung, \u00dcbersetzung, Einspeicherung, Verarbeitung bzw. Wiedergabe von Inhalten in Datenbanken oder anderen elektronischen <\/span> <span class=\"xr_tl xr_s1\">Medien und Systemen. Inhalte und Rechte Dritter sind dabei als solche gekennzeichnet. Die unerlaubte Vervielf\u00e4ltigung oder Weitergabe einzelner <\/span> <span class=\"xr_tl xr_s1\">Inhalte oder kompletter Seiten ist nicht gestattet und strafbar. Lediglich die Herstellung von Kopien und Downloads f\u00fcr den pers\u00f6nlichen, privaten und <\/span> <span class=\"xr_tl xr_s1\">nicht kommerziellen Gebrauch ist erlaubt. Links zur Website des Anbieters sind jederzeit willkommen und bed\u00fcrfen keiner Zustimmung durch den <\/span> <span class=\"xr_tl xr_s1\">Anbieter der Website. Die Darstellung dieser Website in fremden Frames ist nur mit Erlaubnis zul\u00e4ssig. 3. Datenschutz Durch den Besuch der Website <\/span> <span class=\"xr_tl xr_s1\">des Anbieters k\u00f6nnen Informationen \u00fcber den Zugriff (Datum, Uhrzeit, betrachtete Seite) auf dem Server gespeichert werden. Diese Daten geh\u00f6ren <\/span> <span class=\"xr_tl xr_s1\">nicht zu den personenbezogenen Daten, sondern sind anonymisiert. Sie werden ausschlie\u00dflich zu statistischen Zwecken ausgewertet. Eine <\/span> <span class=\"xr_tl xr_s1\">Weitergabe an Dritte, zu kommerziellen oder nichtkommerziellen Zwecken, findet nicht statt. Der Anbieter weist ausdr\u00fccklich darauf hin, dass die <\/span> <span class=\"xr_tl xr_s1\">Daten\u00fcbertragung im Internet (z.B. bei der Kommunikation per E-Mail) Sicherheitsl\u00fccken aufweisen und nicht l\u00fcckenlos vor dem Zugriff durch Dritte <\/span> <span class=\"xr_tl xr_s1\">gesch\u00fctzt werden kann. Die Verwendung der Kontaktdaten des Impressums zur gewerblichen Werbung ist ausdr\u00fccklich nicht erw\u00fcnscht, es sei denn <\/span> <span class=\"xr_tl xr_s1\">der Anbieter hatte zuvor seine schriftliche Einwilligung erteilt oder es besteht bereits eine Gesch\u00e4ftsbeziehung. Der Anbieter und alle auf dieser Website <\/span> <span class=\"xr_tl xr_s1\">genannten Personen widersprechen hiermit jeder kommerziellen Verwendung und Weitergabe ihrer Daten. 4. Anwendbares Recht Es gilt <\/span> <span class=\"xr_tl xr_s1\">ausschlie\u00dflich das ma\u00dfgebliche Recht der Bundesrepublik Deutschland. 5. Besondere Nutzungsbedingungen* Soweit besondere Bedingungen f\u00fcr <\/span> <span class=\"xr_tl xr_s1\">einzelne Nutzungen dieser Website von den vorgenannten Nummern 1. bis 4. abweichen, wird an entsprechender Stelle ausdr\u00fccklich darauf <\/span> <span class=\"xr_tl xr_s1\">hingewiesen. In diesem Falle gelten im jeweiligen Einzelfall die besonderen Nutzungsbedingungen. Quelle: Juraforum.de &#8211; Disclaimer, Urteile, <\/span> <span class=\"xr_tl xr_s1\">Rechtsanw\u00e4lte, Gesetze &amp; Lexikon <\/span><\/div>\n","protected":false},"excerpt":{"rendered":"<p>Impressum: Die Zwei Hofemer GbR Bismarckstr. 132 D-78549 Spaichingen Haftung f\u00fcr Inhalte: Die Inhalte dieser Website werden mit gr\u00f6\u00dftm\u00f6glicher Sorgfalt erstellt. Der Anbieter \u00fcbernimmt jedoch keine Gew\u00e4hr f\u00fcr die Richtigkeit, &hellip; <a href=\"https:\/\/diehofemer.de\/?page_id=56\" class=\"more-link\"><span class=\"screen-reader-text\">\u201eImpressum\u201c<\/span> weiterlesen<\/a><\/p>\n","protected":false},"author":1,"featured_media":0,"parent":0,"menu_order":0,"comment_status":"closed","ping_status":"closed","template":"","meta":{"footnotes":""},"class_list":["post-56","page","type-page","status-publish","hentry"],"_links":{"self":[{"href":"https:\/\/diehofemer.de\/index.php?rest_route=\/wp\/v2\/pages\/56","targetHints":{"allow":["GET"]}}],"collection":[{"href":"https:\/\/diehofemer.de\/index.php?rest_route=\/wp\/v2\/pages"}],"about":[{"href":"https:\/\/diehofemer.de\/index.php?rest_route=\/wp\/v2\/types\/page"}],"author":[{"embeddable":true,"href":"https:\/\/diehofemer.de\/index.php?rest_route=\/wp\/v2\/users\/1"}],"replies":[{"embeddable":true,"href":"https:\/\/diehofemer.de\/index.php?rest_route=%2Fwp%2Fv2%2Fcomments&post=56"}],"version-history":[{"count":2,"href":"https:\/\/diehofemer.de\/index.php?rest_route=\/wp\/v2\/pages\/56\/revisions"}],"predecessor-version":[{"id":113,"href":"https:\/\/diehofemer.de\/index.php?rest_route=\/wp\/v2\/pages\/56\/revisions\/113"}],"wp:attachment":[{"href":"https:\/\/diehofemer.de\/index.php?rest_route=%2Fwp%2Fv2%2Fmedia&parent=56"}],"curies":[{"name":"wp","href":"https:\/\/api.w.org\/{rel}","templated":true}]}}